(y) = -423*y**3 + 422*y**3 - y + 3*y + 17*y**2 - 25. What is the units digit of r(h)?
9
What is the units digit of (-608494)/(-90) - 512/11520?
1
Let k(y) = 36*y**3 + y**2 + 3*y - 8. Let u be k(3). Let i = u + -478. What is the units digit of i?
4
Let j = 20998 - -2253. What is the hundreds digit of j?
2
Suppose -201*t = -42*t - 25599. What is the tens digit of t?
6
Let i = 58 + -55. Suppose -i*c = -2*b + 6, -2*c - 6*b + 15 = -b. Suppose 5*h - 165 = 2*t - c*t, -4*t + 135 = 5*h. What is the tens digit of h?
3
Suppose d = b - 54515, -3*b + 32*d = 35*d - 163527. What is the ten thousands digit of b?
5
Let b(t) = t**3 + 27*t**2 - 78*t + 58. What is the tens digit of b(17)?
4
Suppose 0 = -3*i + 4*a + 20, -11*a + 5 = 2*i - 12*a. Suppose 5*o = -0*l - 4*l + 799, -o + 4*l + 155 = i. What is the units digit of o?
9
Let a(l) = 413*l + 1141. What is the tens digit of a(19)?
8
Let b be (-11)/((-55)/(-40)) - -544. Suppose -p + b = p. What is the units digit of p?
8
Suppose 33*o + 44*o - 12*o = 559325. What is the tens digit of o?
0
Suppose 2*n + 5*d + 7 = 0, 0 = 4*n + 4*d - 5 + 1. What is the units digit of n + 489 - (8 - 11)?
6
Let i be (85/3)/5 - 24/36. Suppose t + 0 = 3. Suppose 135 = 3*l - t*o, -2*l + i*o = -33 - 72. What is the tens digit of l?
4
Let a be 20/15 + 40/6. Suppose a + 1 = 3*t. Let f(m) = 3*m**2 - 6*m + 1. What is the tens digit of f(t)?
1
What is the ten thousands digit of (-363)/(-1452) - 170254/(-8)?
2
Let j(n) = 2*n - 29. Let f be j(15). Let b(k) = 7*k - 7. Let i be b(f). Suppose -7*q - 8*q + 1320 = i. What is the tens digit of q?
8
Let l(d) = 13*d**2 + 14*d - 7. Let n(z) = 11*z**2 + 14*z - 7. Let g(q) = -3*l(q) + 4*n(q). What is the units digit of g(9)?
4
Let l = -28611 - -46826. What is the tens digit of l?
1
Let w = 3881 - -8056. What is the tens digit of w?
3
Let v be (-4)/10 + 708/20. Let c = v + -21. Let g = c + 14. What is the tens digit of g?
2
Let i = -3009 - -4286. What is the thousands digit of i?
1
Let x(g) = 7*g**3 - 70*g**2 + 218*g - 41. What is the thousands digit of x(21)?
8
Let o be 1*(0/(-6))/6. Suppose 4*w + 3*d - 1642 = o, -3*w + 1605 = -5*d + 359. What is the hundreds digit of w?
4
Let q be (1 + (-10)/4)*20/(-6). Suppose 0 = -6*g - q*g + 9592. Suppose -97*f + 105*f - g = 0. What is the tens digit of f?
0
Let j = 1 + -1. Suppose j = -14*c - 1835 + 6889. What is the tens digit of c?
6
Let c be (-6)/(-2) + 29 + 36/(-6). Suppose 0 = 4*p - c - 22. Let n = p + 11. What is the units digit of n?
3
Let w(c) = 3*c**2 + 24*c + 6. Let m(i) = -3*i**2 - 27*i - 7. Let p(b) = 4*m(b) + 6*w(b). What is the thousands digit of p(13)?
1
Let v = -53 + -25. Let u = -70 - v. Suppose u + 265 = 3*s. What is the units digit of s?
1
Let j be (-9)/(-108)*8 - 104/3. Let v = 77 + j. What is the tens digit of v?
4
Let i(k) = -3*k**2 + 23*k - 1. Let o be i(7). Suppose 7*j - 41 = -o. Suppose -j*h + 3*u - u + 50 = 0, 8 = h - 2*u. What is the units digit of h?
4
Suppose 4*q + 249712 = -10*q + 30*q. What is the tens digit of q?
0
What is the thousands digit of -2 + 10960/4*(2 + -1)?
2
Let x = 26 - -7. Let a be (-594)/x - (-1 + 4/1). What is the tens digit of 14/a*(-14 - 1)?
1
Let v(h) = -20*h - 31. Let u be v(5). Let y = u - -269. Suppose -y - 49 = -n. What is the tens digit of n?
8
Let j be 608/6 + (-12)/(-18). Let i(t) = -t**3 + 9*t**2 - 17*t - 8. Let u be i(4). Suppose 10*s - u*s - j = 0. What is the tens digit of s?
1
Suppose 1351 = -12*l - 1097. Let b = l - -490. What is the hundreds digit of b?
2
Let k(d) = 3*d**3 - 35*d**2 + 107*d + 221. What is the thousands digit of k(22)?
7
Let i = 236 + -124. Let a = i - -981. What is the hundreds digit of a?
0
Let b be (-29)/(-9) - 2/9. Suppose 0*n + n - 106 = -y, b*y + 5*n - 326 = 0. Suppose 4*j = 230 + y. What is the tens digit of j?
8
What is the ten thousands digit of (-162192)/(-9) + 334/501?
1
Let z(g) = g**2 + 3*g. Let r be z(-4). Let i be 3 + r + 10/(-2). Suppose -2*u - 5*m = -0*u - 233, i*u - 4*m - 206 = 0. What is the units digit of u?
9
Let g = 4911 + -3850. What is the units digit of g?
1
Suppose -2*t + 7*t - 1475 = 0. Let v = 38 + 136. Let y = t - v. What is the hundreds digit of y?
1
Suppose -x + 6*x = -2100. Let g = 805 + x. Suppose -3*w + 0*w = -4*d - g, -2*d - 8 = 0. What is the tens digit of w?
2
Let j(f) = 268*f**2 + 316*f + 2766. What is the tens digit of j(-9)?
3
Let m = 82 - 80. What is the thousands digit of -2 + m + -2 + 5 + 1253?
1
Suppose 34*m = 39*m + 3*v - 226488, m - 45312 = v. What is the thousands digit of m?
5
Let x = -1983 - -2123. What is the hundreds digit of x?
1
Let m(q) = 10 - 3*q**3 + 84*q - 8*q**3 + q**2 - 4 - 81*q. What is the hundreds digit of m(-3)?
3
Suppose -10*n - 4 = -12*n. Suppose n*i - 15 = -9. Suppose i*q - 2*f - 36 = 2*q, -3*q + f = -93. What is the units digit of q?
0
Let c = 54248 - 30296. What is the thousands digit of c?
3
Let f(m) = m + 7 + 30 - 7*m. Let s be f(21). Let w = s - -93. What is the units digit of w?
4
Suppose 4*y = -5*l - 0*l + 29, -5 = -2*l + 5*y. What is the hundreds digit of 5/(l/(-66))*-5?
3
Let m = 569 - 275. Suppose -9*g - m = -11*g - 2*q, -3*g + 436 = 4*q. What is the units digit of g?
2
Let r be -2 + -1 - (-2 + -2 + -2). Let b(q) = -21*q**2 + 94*q**3 + r - 26*q - 1 - 95*q**3. What is the tens digit of b(-20)?
2
Let h(b) = 70*b**3 + b**2 + 31*b - 124. What is the tens digit of h(6)?
1
Let m = -210 + 205. What is the hundreds digit of 0 + 227 + (m - -5 - 2)?
2
Let r = 69889 + -17257. What is the ten thousands digit of r?
5
Let b(y) = -y**3 - 7*y**2 - 8*y + 5. Let z(r) = r**2 + 1. Let d be z(2). Let h(o) = o**2 - 2*o - 21. Let c be h(d). What is the tens digit of b(c)?
1
Suppose -4*c + 4*x + 6 = -22, 0 = -3*c + 4*x + 25. Let z = 1 + 1. Suppose -3*h - z*v = -192, 201 = c*h - 2*v + v. What is the units digit of h?
6
Suppose -3*q = 12*q - 79245. What is the hundreds digit of q?
2
Let w(h) = h**3 - h. Let m(l) = -5*l**3 - 5*l**2 + 9*l + 2. Let z(p) = m(p) + 4*w(p). Let y be 2 + -18*2/(-16)*-4. What is the tens digit of z(y)?
6
Let v(t) = 7*t**2 + t + 11. Suppose 211*b = 215*b - 16. What is the hundreds digit of v(b)?
1
Let l(j) = j**3 + 7*j**2 + 7*j + 12. Suppose 0 = w - 4*n - 6 + 20, 2*w + n + 10 = 0. Let v be l(w). What is the hundreds digit of 136 - (-30)/v - (-1 + 1)?
1
Let g = 322 + 4495. What is the tens digit of g?
1
Suppose -34*c + 24*c + 16250 = 0. Suppose 0 = -24*g + 29*g - c. What is the tens digit of g?
2
Suppose 0 = -5*o + 18 + 2. Suppose -179 = -4*m + 3*m - 2*v, 0 = -o*m + 2*v + 716. What is the tens digit of m?
7
What is the units digit of (-6 - 48/(-9) - (-51)/9) + 5075?
0
Let l(n) = -4*n + 1. Let m be l(-1). Let p = -304 + 308. Suppose -m*s + 59 = 4*d - 53, d + 77 = p*s. What is the units digit of s?
0
Suppose -136*k - 540625 = -1928097. What is the ten thousands digit of k?
1
Suppose -3*v - 3 = -0, -2*v - 7906 = -d. Suppose r + 15*r = d. What is the tens digit of r?
9
Let d(s) be the first derivative of 19*s**3/3 + 6*s**2 + 36*s - 118. What is the hundreds digit of d(-5)?
4
Let i = -12 - -3. Let a(c) = c**3 + 9*c**2 - 2*c - 22. Let r be a(i). What is the tens digit of ((-560)/(-9) - 1) + r/18?
6
Let g(k) = k**3 - 7*k**2 + 8*k - 7. Let u be g(6). Suppose u*n = 1018 + 887. What is the tens digit of n?
8
Let i(s) = s**3 - 4*s**2 + 5*s - 4. Let c be i(2). Let l be 3 - ((0 - 2)/c - 0). What is the units digit of 19*l/14 + 2/7?
3
Let r(c) = 715*c - 1949. What is the tens digit of r(15)?
7
Let w(p) = -1081*p + 714. What is the thousands digit of w(-2)?
2
Let h = 27 + -15. Let b = h + 3. Suppose 18*a = b*a + 165. What is the tens digit of a?
5
Let s(d) = -49*d + 147. Let u be s(3). What is the tens digit of (-1594 + 156/13)/(-2 + u)?
9
Let i(u) = -5 + 2 + u**3 + 11*u**2 - 6*u - 1 - 17*u**2. Let h be i(7). Suppose -3*j - 225 = -5*y + j, 167 = h*y + 4*j. What is the units digit of y?
9
Suppose -6 = -2*p - 2*a + 4, 2*a - 8 = -p. Let l be 5 + p + -3 + -1. What is the tens digit of ((-51)/4)/(l/(-8))?
3
Suppose 4*r + 136 = 5*b - 750, -6 = -3*b. Let i = r - -422. What is the tens digit of i?
0
Let s(d) = -3652*d - 1567. What is the tens digit of s(-5)?
9
Let r = -20 - -22. Let i(y) = y**2 - 2*y**r - 26 + 31 + 92. What is the units digit of i(0)?
7
Let f(j) = 3*j**2 - 3 + 1 + 4*j**2 - j. Let r(q) = -241*q - 479. Let d be r(-2). Wh